is the tens digit of r?
3
Let y = 1796 + -1780. Suppose 2*o - 3*o + 31 = 0. Let p = o - y. What is the tens digit of p?
1
Let u = 1963 - 1084. Let t = u - 595. What is the hundreds digit of t?
2
Suppose 4*n + 5*c - 104749 = 0, 314 - 329 = 5*c. What is the units digit of n?
1
Suppose r + 2 = 2*j + 5, -3*r = -15. What is the tens digit of (335 + (8 - 4))*j?
3
Let u(z) be the second derivative of z**5/10 + z**4/4 + z**3/2 + 81*z**2 - 36*z. What is the units digit of u(0)?
2
Let m(f) be the second derivative of 257*f**5/20 - f**4/6 + f**3/3 + f**2/2 - 3*f + 11. What is the units digit of m(1)?
8
Let i be 5 + (-13)/(13/(-3)). What is the units digit of i/(-32)*20 + 1*1519?
4
Let k be 2/(-6)*6 - 0. Let c(h) = -19*h**2 - 4*h - 6. Let r(u) = 19*u**2 + 3*u + 5. Let q(f) = 2*c(f) + 3*r(f). What is the tens digit of q(k)?
7
Let m be ((-56)/(-10))/((-12)/1050). Let l = -158 - m. What is the units digit of l?
2
Let p(x) = 5 - x**2 + 0 - 2 + 10. Let b be p(4). Let m(s) = 23*s**2 - 6*s + 7. What is the tens digit of m(b)?
3
Suppose 0 = 3*a + 9 - 3. Let j be a/(-9) + 1 + 1163/(-9). Let z = j - -194. What is the tens digit of z?
6
Let a = 16 + -12. Suppose 0*v + a*v = -s + 117, 0 = -2*s + 2. What is the units digit of v?
9
Suppose -m + 270 - 118 = -3*v, 4*m - 517 = -v. Suppose -2*n = a + 2*n - 10, -a = -3*n + 4. What is the tens digit of 2/(a - 1) + m + 4?
3
Let m(t) = -18*t - 113. Let l be m(-6). What is the tens digit of (2/8*641)/(l/(-20))?
4
Let w(p) = 27*p - 8. Let y be w(2). Let g = y + -43. Suppose -640 = -g*f - 82. What is the units digit of f?
6
Let m(f) = f**2 + 5*f - 11. Let i be m(-7). Suppose -7 = 2*q - i*q + 3*d, 0 = -3*q - 4*d + 8. Let x = q + 38. What is the units digit of x?
2
Let t(v) = 3948*v - 229. What is the hundreds digit of t(3)?
6
Suppose 0 = v + 5*a, 3*v - a = 4*a. Suppose v = -2*k + 3 + 13. Suppose b + k = -4*o, -3*b - 3*o + 6*o = -36. What is the units digit of b?
8
Suppose -3892*w + 259420 = -3872*w. What is the tens digit of w?
7
Let i(l) = -26*l**3 + 21*l**2 - 4*l + 6. Let n be i(-7). Suppose 0 = 11*z + 2468 - n. What is the tens digit of z?
8
Suppose 0 = -856*h + 885*h - 1509943. What is the thousands digit of h?
2
Let o(b) = -8*b + 69. Let x be o(7). Suppose x*a - 16268 = -a. What is the hundreds digit of a?
1
Let c(w) = -12*w - 50. Let i(d) = -24*d - 100. Let u(y) = 5*c(y) - 2*i(y). What is the tens digit of u(-13)?
0
Suppose 12*u = 6*u - 168. Suppose 298 = -12*d - 62. Let y = u - d. What is the units digit of y?
2
Suppose -237*o + 1093257 = -1016817 + 54573. What is the units digit of o?
3
Let n = -3658 - -7410. What is the hundreds digit of n?
7
Let b = -1478 + 5739. What is the hundreds digit of b?
2
Let d(u) = u**2 + 3*u - 7. Let x be d(-5). Suppose -8 = -2*m - 5*s, -s - 60 = -m - x*m. What is the tens digit of -1 + 6/21 + 1242/m?
8
Suppose 14485 = 3*c - 5*k, -3*c + 14513 = -107*k + 106*k. What is the hundreds digit of c?
8
What is the units digit of -16*(-3)/(-72)*-3 + -4 - -1234?
2
Let c = -331 + 331. Suppose 2*x + 140 = 6*x. Suppose c = 2*g - a - 98 + x, -4*a + 20 = 0. What is the units digit of g?
4
Let s be 3 - (2/(-9) - (-111075)/(-135)). Suppose 250*t = 257*t - s. What is the tens digit of t?
1
Let q = 60 - 57. Suppose 13*b - 9*b - q*j - 2743 = 0, 0 = -5*j + 15. What is the hundreds digit of b?
6
Let k(g) = 3*g**2 + 140*g + 2332. What is the ten thousands digit of k(87)?
3
Let x be (-20 - 1)/((-14)/7 + 1). Suppose -x*j + 32 = -17*j. Suppose 228 = 4*a + j*a. What is the tens digit of a?
1
Suppose 77*v = 51*v + 11388. Suppose 0 = 5*h - 20, 2*q - 7*h + 6*h - v = 0. What is the units digit of q?
1
Let k = -17 - -15. What is the tens digit of -59*1*(4 - 8 - k)?
1
Let n = -6293 - -10103. What is the thousands digit of n?
3
Let p = 20506 - 6428. What is the ten thousands digit of p?
1
Let i = -4612 + 16563. What is the hundreds digit of i?
9
Let s be (5/2)/(9/18) + 0. Suppose 2*g - 3*w - 2918 = -s*w, -4*g = -5*w - 5809. What is the tens digit of g?
5
Suppose 5*d - 68230 = 5*t, d + 71*t - 70*t = 13648. What is the units digit of d?
7
Let v(y) = -y**3 - y**2 - 19*y. Let m be v(0). Suppose m = -5*g - 3*b + 483, -4*b - 95 = -g - 5*b. What is the units digit of g?
9
Let j = 9674 - 6826. Suppose -53*r - j = -61*r. What is the tens digit of r?
5
What is the hundreds digit of (-28)/8 + (-21689084)/(-424)?
1
Let w(c) = 1196*c + 727. What is the ten thousands digit of w(8)?
1
Suppose 132 - 120 = 2*d. Let o = 16 + -13. What is the tens digit of (1498/(-49))/((d/(-14))/o)?
1
Let c = -6498 + 25904. Suppose 18*f + c = 49*f. What is the tens digit of f?
2
Suppose -60*c = -66*c - 1584. What is the units digit of (-4)/22 - 16416/c?
2
Suppose -f - 434 = -5*j, -f - 2*j = 3*f + 1758. Let h = f + 751. What is the tens digit of h?
1
Suppose 8848*l - 231175 = 8813*l. What is the thousands digit of l?
6
Let v = -253 - -255. Suppose -v + 0 = -u - 5*a, 2*u = -a + 31. What is the units digit of u?
7
Let g(j) = 746*j + 297. What is the tens digit of g(8)?
6
Let t be 2/(2*(-4)/(-16)). Suppose -3*y - 2435 = -t*g, 5*y - 11 = 4. What is the hundreds digit of g?
6
Let u(q) be the third derivative of q**6/120 + 11*q**5/60 + q**4/4 + 2*q**2 + 58*q. What is the tens digit of u(-7)?
5
Suppose -6078 = -14*o - 296. Let d = o - 322. What is the units digit of d?
1
Let j = -1859 + 3704. Suppose -j - 709 = -5*t - 2*n, -t + 516 = 3*n. What is the hundreds digit of t?
5
Suppose 3*u - 4*q = 1658, 4*q - 1933 = -u - 1407. What is the units digit of u?
6
Let n be 2/6*(-90)/(-10). Suppose 0*z + 27 = n*z. Suppose v - 2*a - 100 = z, 5*a + 530 = 5*v. What is the hundreds digit of v?
1
Suppose -49973 = -53*r - 13673 + 31540. What is the thousands digit of r?
1
Suppose -7 = -5*k + 6*k - 3*g, -k + 1 = g. What is the hundreds digit of ((11 - -4) + k)*31?
4
Let v be (77 - 71) + -1 + -2. Suppose -v*k = 3*u - 669, 4*u + k - 156 = 733. What is the hundreds digit of u?
2
Let l(o) = 3*o**2 - 12*o - 14. Let y be l(6). Let j(g) = -g**3 + y*g + g**2 + g**2 + 3*g**2. What is the units digit of j(7)?
6
Let h = 310 + -308. Suppose 1214 = -31*z + 33*z + 2*d, 0 = -z + h*d + 601. What is the tens digit of z?
0
Let k(l) = 2*l**3 - 6*l**2 + 16*l - 12. Let c(a) = 2*a**3 - 9*a**2 + 16*a - 12. Let v(z) = 3*c(z) - 2*k(z). What is the tens digit of v(12)?
7
Suppose -8*f = -9 + 9. Let i be (4 - 5)*(f - 7)*13. Suppose j = -22 + i. What is the units digit of j?
9
Let d(x) = -3*x**2 - 10*x - 14. Let r be d(-6). Let c be (-4)/(-22) - r/(-341). Suppose 5*s - 1056 - 429 = c. What is the hundreds digit of s?
2
Let g(i) = 339*i + 948. What is the tens digit of g(45)?
0
Suppose 0 = 218*j - 213*j - 76365. What is the hundreds digit of j?
2
Suppose 18*a = 19*a - 136. Let p = -106 + a. What is the units digit of p?
0
Let b(f) = 24*f + 2262. What is the units digit of b(-74)?
6
Let l be 6/(-5) - (-4856)/(-20). Suppose -3*a - 208 = 863. Let n = l - a. What is the hundreds digit of n?
1
Suppose 4*k = p - 7818, 3*k - 2*k = -5. What is the units digit of p?
8
Let n be (-145)/(-2)*(-1 + (-22)/(-10)). Let l = n - 81. Suppose 35 = l*j - 79. What is the tens digit of j?
1
Let v(r) = -r**3 + 29*r**2 - r + 38. Let d be v(29). Suppose 0 = -d*q - 0*q - 2*q. Suppose q = -2*z - 11*z + 1313. What is the tens digit of z?
0
Let v = 2414 - -5853. Suppose -13*t = -v - 27. What is the tens digit of t?
3
Let g be (0 - 1)*(-67 + -4). Let i(o) = -g*o + 87*o**2 + 0 + 4 - 3 + 72*o. What is the units digit of i(1)?
9
Suppose 4*t = -t. Let r = 22 + t. Let v = r - 0. What is the units digit of v?
2
Let n = 132286 + -80402. What is the units digit of n?
4
Let l(o) be the second derivative of 3*o**4/2 + 2*o**3/3 - 4*o**2 + o - 1. What is the units digit of l(3)?
6
Suppose 19 + 17 = 12*l. Suppose -4*n + 2347 = l*p - 8*n, 3*p + 4*n - 2315 = 0. What is the hundreds digit of p?
7
Let x = 37 + -33. Suppose 3*i = -5*j + 515 - 97, 3*j + x*i - 242 = 0. Let n = j + 91. What is the tens digit of n?
7
Suppose -3*y = -4*i + 23951, 20*y - 22*y + 29933 = 5*i. What is the units digit of i?
7
Suppose -23 = h + 23. Let d be h*(2/(-1) + -1). Suppose 4*x - 322 - d = 0. What is the units digit of x?
5
Let d = 54 - 50. Let c = 22 - 17. Suppose c*p = -20, 3*j - 259 = d*p + 3. What is the units digit of j?
2
Suppose -4*u - 20 = -4*y, -4*u - 2*y + 2 = 52. What 